{"id":897,"date":"2017-02-17T17:22:01","date_gmt":"2017-02-17T17:22:01","guid":{"rendered":"https:\/\/cosertex.com\/2017\/?page_id=897"},"modified":"2017-02-20T17:56:21","modified_gmt":"2017-02-20T17:56:21","slug":"nosotros","status":"publish","type":"page","link":"https:\/\/cosertex.com\/2017\/nosotros\/","title":{"rendered":"Nosotros"},"content":{"rendered":"<p><strong><img data-recalc-dims=\"1\" loading=\"lazy\" decoding=\"async\" class=\" size-full wp-image-1\" style=\"display: block; margin-left: auto; margin-right: auto;\" src=\"https:\/\/i0.wp.com\/cosertex.com\/2017\/wp-content\/uploads\/2013\/09\/costex.png?resize=350%2C60&#038;ssl=1\" alt=\"\" width=\"350\" height=\"60\" \/><\/strong><\/p>\n<p><strong>\u00a0<\/strong><br \/>\n<strong>QUIENES SOMOS<\/strong><\/p>\n<p>Empresa Ecuatoriana especializada en importar y comercializar maquinas industriales de coser y bordar, en las mejores marcas del mercado como son: JUKI, BROTHER, CONSEW, MEISTERGRAM, SWF, AMF REECE, KANSAI SPECIAL, MERROW, EASTMAN, SIRUBA, KINGTEX, SINGER, SUNSTAR, entre otras; tambi\u00e9n cuenta con un amplio stock de repuestos originales y gen\u00e9ricos, para todas las marcas y agujas de las dos mejores marcas a nivel mundial como son\u00a0GROZ-BECKERT y SCHMETZ.<\/p>\n<p><strong>TRAYECTORIA<\/strong><\/p>\n<p>Hablar de la trayectoria de Cosertex, es reconocer a su principal gestor y emprendedor, el Sr. Fabi\u00e1n Utreras, con una vida llena de trabajo y esfuerzo constante. Cosertex se funda a fines de 1995, teniendo como principal objetivo el de impulsar el crecimiento de la Industria de la Confecci\u00f3n en el ECUADOR, ofreciendo productos de la m\u00e1s alta calidad y tecnolog\u00eda en \u00a0las mejores marcas del mercado, con el respaldo de cumplimiento de garant\u00eda por parte de la Organizaci\u00f3n, que con su equipo de trabajo ha estado sirviendo y asesorando a empresas de esta Industria, con la finalidad de lograr un crecimiento conjunto.<\/p>\n<p><!--more--><strong>MISI\u00d3N<\/strong><\/p>\n<p>Comercializar m\u00e1quinas industriales de bordar y coser, repuestos y accesorios a base de calidad, precios competitivos y una atenci\u00f3n eficiente y oportuna para satisfacci\u00f3n de los clientes, respaldados en la garant\u00eda de sus productos y servicio t\u00e9cnico de una s\u00f3lida organizaci\u00f3n, a trav\u00e9s de colaboradores de excelencia que apoyan el crecimiento y desarrollo de la empresa, sustent\u00e1ndose en el pensamiento sist\u00e9mico y sus valores organizacionales para aportar al desarrollo del pa\u00eds.<\/p>\n<p><strong style=\"line-height: 1.3em;\">\u00a0<\/strong><strong>VISI\u00d3N<\/strong><\/p>\n<p>Cosertex ser\u00e1 reconocida en el a\u00f1o 2020 como una de las empresas inteligentes l\u00edderes en la importaci\u00f3n de maquinaria y equipo para la industria textil, bordado y de la confecci\u00f3n, fundamentando su \u00e9xito en el mejoramiento continuo del servicio y de sus procesos.<\/p>\n<p><strong>POL\u00cdTICA DE CALIDAD<\/strong><\/p>\n<p><span style=\"line-height: 1.3em;\">Proporcionar a nuestros clientes, productos y servicios que cumplan con los requisitos, que sean competitivos y est\u00e9n libres de defectos, de manera que nuestra firma signifique calidad para nuestros clientes.<\/span><\/p>\n<p><strong>TALENTO HUMANO<\/strong><\/p>\n<p><span style=\"line-height: 1.3em;\">COSERTEX posee colaboradores que desempe\u00f1an sus funciones trabajando en equipo y siempre pensando en satisfacer tanto a clientes internos como externos, y realizando constantemente realimentaciones con nuestros clientes para de esta manera realizar los ajustes necesarios a los procesos de tal manera que nuestra Organizaci\u00f3n tenga un crecimiento sustentable en el tiempo.<\/span><\/p>\n<p><strong>SERVICIO POST-VENTA<\/strong><\/p>\n<p>Siendo una organizaci\u00f3n de objetivos claros, el proceso de mantenimiento (correctivo y preventivo) est\u00e1 enfocado a solucionar los problemas que presente la maquinaria o el equipo que est\u00e1 con cobertura de garant\u00eda como aquellas que no lo est\u00e1n, contando con talento humano altamente capacitado y que est\u00e1 constantemente adquiriendo nuevos conocimientos con la finalidad de estar actualizados con la tecnolog\u00eda predominante en el mercado mundial, para de esta manera satisfacer los requerimientos de nuestros clientes.<\/p>\n","protected":false},"excerpt":{"rendered":"<p>\u00a0 QUIENES SOMOS Empresa Ecuatoriana especializada en importar y comercializar maquinas industriales de coser y bordar, en las mejores marcas del mercado como son: JUKI, BROTHER, CONSEW, MEISTERGRAM, SWF, AMF REECE, KANSAI SPECIAL, MERROW, EASTMAN, SIRUBA, KINGTEX, SINGER, SUNSTAR, entre otras; tambi\u00e9n cuenta con un amplio stock de repuestos originales y gen\u00e9ricos, para todas las marcas y agujas de las dos mejores marcas a nivel mundial como son\u00a0GROZ-BECKERT y SCHMETZ. TRAYECTORIA Hablar de la trayectoria [&hellip;]<\/p>\n","protected":false},"author":1,"featured_media":1986,"parent":0,"menu_order":0,"comment_status":"closed","ping_status":"closed","template":"fullwidth.php","meta":{"advanced_seo_description":"","jetpack_seo_html_title":"","jetpack_seo_noindex":false,"jetpack_post_was_ever_published":false,"footnotes":""},"class_list":["post-897","page","type-page","status-publish","has-post-thumbnail","hentry"],"jetpack_sharing_enabled":true,"jetpack_shortlink":"https:\/\/wp.me\/P8TJZe-et","jetpack-related-posts":[],"_links":{"self":[{"href":"https:\/\/cosertex.com\/2017\/wp-json\/wp\/v2\/pages\/897","targetHints":{"allow":["GET"]}}],"collection":[{"href":"https:\/\/cosertex.com\/2017\/wp-json\/wp\/v2\/pages"}],"about":[{"href":"https:\/\/cosertex.com\/2017\/wp-json\/wp\/v2\/types\/page"}],"author":[{"embeddable":true,"href":"https:\/\/cosertex.com\/2017\/wp-json\/wp\/v2\/users\/1"}],"replies":[{"embeddable":true,"href":"https:\/\/cosertex.com\/2017\/wp-json\/wp\/v2\/comments?post=897"}],"version-history":[{"count":3,"href":"https:\/\/cosertex.com\/2017\/wp-json\/wp\/v2\/pages\/897\/revisions"}],"predecessor-version":[{"id":1987,"href":"https:\/\/cosertex.com\/2017\/wp-json\/wp\/v2\/pages\/897\/revisions\/1987"}],"wp:featuredmedia":[{"embeddable":true,"href":"https:\/\/cosertex.com\/2017\/wp-json\/wp\/v2\/media\/1986"}],"wp:attachment":[{"href":"https:\/\/cosertex.com\/2017\/wp-json\/wp\/v2\/media?parent=897"}],"curies":[{"name":"wp","href":"https:\/\/api.w.org\/{rel}","templated":true}]}}